{"id":27397,"date":"2022-11-08T14:51:09","date_gmt":"2022-11-08T18:51:09","guid":{"rendered":"https:\/\/miguelenlaweb.com\/site\/?page_id=27397"},"modified":"2024-07-19T17:18:40","modified_gmt":"2024-07-19T21:18:40","slug":"disenador-web-caracas-contacto","status":"publish","type":"page","link":"https:\/\/miguelenlaweb.com\/site\/disenador-web-caracas-contacto\/","title":{"rendered":"Conversemos"},"content":{"rendered":"\t\t<div data-elementor-type=\"wp-page\" data-elementor-id=\"27397\" class=\"elementor elementor-27397\">\n\t\t\t\t\t\t\t\t\t<section data-particle_enable=\"false\" data-particle-mobile-disabled=\"false\" class=\"elementor-section elementor-top-section elementor-element elementor-element-3447f83 elementor-section-full_width elementor-section-height-default elementor-section-height-default\" data-id=\"3447f83\" data-element_type=\"section\" data-settings=\"{&quot;background_background&quot;:&quot;classic&quot;}\">\n\t\t\t\t\t\t\t<div class=\"elementor-background-overlay\"><\/div>\n\t\t\t\t\t\t\t<div class=\"elementor-container elementor-column-gap-no\">\n\t\t\t\t\t<div class=\"elementor-column elementor-col-100 elementor-top-column elementor-element elementor-element-b3a35f8\" data-id=\"b3a35f8\" data-element_type=\"column\">\n\t\t\t<div class=\"elementor-widget-wrap elementor-element-populated\">\n\t\t\t\t\t\t\t\t<div class=\"elementor-element elementor-element-7975393 elementor-align-center elementor-widget elementor-widget-lottie\" data-id=\"7975393\" data-element_type=\"widget\" data-settings=\"{&quot;source_json&quot;:{&quot;url&quot;:&quot;https:\\\/\\\/miguelenlaweb.com\\\/site\\\/wp-content\\\/uploads\\\/2022\\\/11\\\/lf30_editor_zl2lft9b.json&quot;,&quot;id&quot;:27308,&quot;alt&quot;:&quot;&quot;,&quot;source&quot;:&quot;library&quot;},&quot;loop&quot;:&quot;yes&quot;,&quot;play_speed&quot;:{&quot;unit&quot;:&quot;px&quot;,&quot;size&quot;:3,&quot;sizes&quot;:[]},&quot;source&quot;:&quot;media_file&quot;,&quot;caption_source&quot;:&quot;none&quot;,&quot;link_to&quot;:&quot;none&quot;,&quot;trigger&quot;:&quot;arriving_to_viewport&quot;,&quot;viewport&quot;:{&quot;unit&quot;:&quot;%&quot;,&quot;size&quot;:&quot;&quot;,&quot;sizes&quot;:{&quot;start&quot;:0,&quot;end&quot;:100}},&quot;start_point&quot;:{&quot;unit&quot;:&quot;%&quot;,&quot;size&quot;:&quot;0&quot;,&quot;sizes&quot;:[]},&quot;end_point&quot;:{&quot;unit&quot;:&quot;%&quot;,&quot;size&quot;:&quot;100&quot;,&quot;sizes&quot;:[]},&quot;renderer&quot;:&quot;svg&quot;}\" data-widget_type=\"lottie.default\">\n\t\t\t\t<div class=\"elementor-widget-container\">\n\t\t\t<style>\/*! elementor-pro - v3.8.0 - 30-10-2022 *\/\n.e-lottie__container{display:inline-block;max-width:var(--lottie-container-max-width);width:var(--lottie-container-width);opacity:var(--lottie-container-opacity)}.e-lottie__container:hover{opacity:var(--lottie-container-opacity-hover);-webkit-transition-duration:var(--lottie-container-transition-duration-hover);-o-transition-duration:var(--lottie-container-transition-duration-hover);transition-duration:var(--lottie-container-transition-duration-hover)}.e-lottie__container svg,.e-lottie__container svg *{-webkit-transition:none!important;-o-transition:none!important;transition:none!important}.e-lottie__caption{color:var(--caption-color);margin-top:var(--caption-margin-top);text-align:var(--caption-text-align)}<\/style><div class=\"e-lottie__container\"><div class=\"e-lottie__animation\"><\/div><\/div>\t\t<\/div>\n\t\t\t\t<\/div>\n\t\t\t\t<div class=\"elementor-element elementor-element-4e492e2 elementor-widget elementor-widget-text-editor\" data-id=\"4e492e2\" data-element_type=\"widget\" data-widget_type=\"text-editor.default\">\n\t\t\t\t<div class=\"elementor-widget-container\">\n\t\t\t<style>\/*! elementor - v3.8.0 - 30-10-2022 *\/\n.elementor-widget-text-editor.elementor-drop-cap-view-stacked .elementor-drop-cap{background-color:#818a91;color:#fff}.elementor-widget-text-editor.elementor-drop-cap-view-framed .elementor-drop-cap{color:#818a91;border:3px solid;background-color:transparent}.elementor-widget-text-editor:not(.elementor-drop-cap-view-default) .elementor-drop-cap{margin-top:8px}.elementor-widget-text-editor:not(.elementor-drop-cap-view-default) .elementor-drop-cap-letter{width:1em;height:1em}.elementor-widget-text-editor .elementor-drop-cap{float:left;text-align:center;line-height:1;font-size:50px}.elementor-widget-text-editor .elementor-drop-cap-letter{display:inline-block}<\/style>\t\t\t\t<h1><span style=\"color: #ffffff;\"><strong>Conversemos<\/strong><\/span><\/h1>\n<p>Escr\u00edbeme y responder\u00e9 en breve.<\/p>\t\t\t\t\t\t<\/div>\n\t\t\t\t<\/div>\n\t\t\t\t<div class=\"elementor-element elementor-element-fb58282 elementor-hidden-mobile elementor-view-default elementor-invisible elementor-widget elementor-widget-icon\" data-id=\"fb58282\" data-element_type=\"widget\" data-settings=\"{&quot;_animation&quot;:&quot;slideInUp&quot;}\" data-widget_type=\"icon.default\">\n\t\t\t\t<div class=\"elementor-widget-container\">\n\t\t\t\t\t<div class=\"elementor-icon-wrapper\">\n\t\t\t<div class=\"elementor-icon\">\n\t\t\t<i aria-hidden=\"true\" class=\"fas fa-angle-double-down\"><\/i>\t\t\t<\/div>\n\t\t<\/div>\n\t\t\t\t<\/div>\n\t\t\t\t<\/div>\n\t\t\t\t\t<\/div>\n\t\t<\/div>\n\t\t\t\t\t\t\t<\/div>\n\t\t<\/section>\n\t\t\t\t<section data-particle_enable=\"false\" data-particle-mobile-disabled=\"false\" class=\"trx_effects_has_bg_text elementor-section elementor-top-section elementor-element elementor-element-78f4eaf elementor-section-boxed elementor-section-height-default elementor-section-height-default\" data-trx-effects-bg-text=\"{&quot;bg_text&quot;:&quot;CONVERSEMOS   &quot;,&quot;bg_text_effect&quot;:&quot;rotate&quot;,&quot;bg_text_marquee&quot;:{&quot;unit&quot;:&quot;px&quot;,&quot;size&quot;:2,&quot;sizes&quot;:[]},&quot;bg_text_reverse&quot;:0,&quot;bg_text_overlay&quot;:{&quot;url&quot;:&quot;&quot;,&quot;id&quot;:&quot;&quot;},&quot;bg_text_left&quot;:{&quot;unit&quot;:&quot;%&quot;,&quot;size&quot;:&quot;&quot;,&quot;sizes&quot;:[]},&quot;bg_text_top&quot;:{&quot;unit&quot;:&quot;%&quot;,&quot;size&quot;:19,&quot;sizes&quot;:[]}}\" data-id=\"78f4eaf\" data-element_type=\"section\">\n\t\t\t\t\t\t<div class=\"elementor-container elementor-column-gap-default\">\n\t\t\t\t\t<div data-trx-effects-mouse-helper=\"hover\" data-trx-effects-mouse-helper-centered=\"1\" data-trx-effects-mouse-helper-magnet=\"0\" data-trx-effects-mouse-helper-color=\"#fff\" data-trx-effects-mouse-helper-bg-color=\"#f72620\" data-trx-effects-mouse-helper-bd-color=\"#f72620\" data-trx-effects-mouse-helper-mode=\"\" data-trx-effects-mouse-helper-axis=\"xy\" data-trx-effects-mouse-helper-delay=\"10\" data-trx-effects-mouse-helper-text=\"CONT\u00c1CTAME\" data-trx-effects-mouse-helper-text-size=\"\" data-trx-effects-mouse-helper-text-round=\"1\" data-trx-effects-mouse-helper-icon=\"\" data-trx-effects-mouse-helper-icon-size=\"\" data-trx-effects-mouse-helper-icon-color=\"\" data-trx-effects-mouse-helper-image=\"\" data-trx-effects-mouse-helper-layout=\"\" data-trx-effects-mouse-helper-callback=\"\" data-trx-effects-mouse-helper-hide-cursor=\"0\" class=\"elementor-column elementor-col-50 elementor-top-column elementor-element elementor-element-4adeef0 elementor-invisible\" data-id=\"4adeef0\" data-element_type=\"column\" data-settings=\"{&quot;background_background&quot;:&quot;classic&quot;,&quot;animation&quot;:&quot;fadeInLeft&quot;}\">\n\t\t\t<div class=\"elementor-widget-wrap elementor-element-populated\">\n\t\t\t\t\t\t\t\t<div class=\"elementor-element elementor-element-703d24f elementor-widget elementor-widget-heading\" data-id=\"703d24f\" data-element_type=\"widget\" data-widget_type=\"heading.default\">\n\t\t\t\t<div class=\"elementor-widget-container\">\n\t\t\t<style>\/*! elementor - v3.8.0 - 30-10-2022 *\/\n.elementor-heading-title{padding:0;margin:0;line-height:1}.elementor-widget-heading .elementor-heading-title[class*=elementor-size-]>a{color:inherit;font-size:inherit;line-height:inherit}.elementor-widget-heading .elementor-heading-title.elementor-size-small{font-size:15px}.elementor-widget-heading .elementor-heading-title.elementor-size-medium{font-size:19px}.elementor-widget-heading .elementor-heading-title.elementor-size-large{font-size:29px}.elementor-widget-heading .elementor-heading-title.elementor-size-xl{font-size:39px}.elementor-widget-heading .elementor-heading-title.elementor-size-xxl{font-size:59px}<\/style><h2 class=\"elementor-heading-title elementor-size-default\">Escr\u00edbeme<\/h2>\t\t<\/div>\n\t\t\t\t<\/div>\n\t\t\t\t<div class=\"elementor-element elementor-element-f460bdc eael-wpforms-labels-yes eael-wpforms-form-button-custom elementor-widget elementor-widget-eael-wpforms\" data-id=\"f460bdc\" data-element_type=\"widget\" data-widget_type=\"eael-wpforms.default\">\n\t\t\t\t<div class=\"elementor-widget-container\">\n\t\t\t            <div class=\"eael-contact-form eael-wpforms placeholder-hide eael-contact-form-align-center\">\n                                <div class=\"wpforms-container \" id=\"wpforms-11\"><form id=\"wpforms-form-11\" class=\"wpforms-validate wpforms-form\" data-formid=\"11\" method=\"post\" enctype=\"multipart\/form-data\" action=\"\/site\/wp-json\/wp\/v2\/pages\/27397\" data-token=\"8d1f296f33b3cb50c89cb06b5fffed05\"><div class=\"wpforms-head-container\"><\/div><noscript class=\"wpforms-error-noscript\">Please enable JavaScript in your browser to complete this form.<\/noscript><div class=\"wpforms-field-container\"><div id=\"wpforms-11-field_8-container\" class=\"wpforms-field wpforms-field-name\" data-field-id=\"8\"><label class=\"wpforms-field-label\" for=\"wpforms-11-field_8\">Nombre Completo <span class=\"wpforms-required-label\">*<\/span><\/label><div class=\"wpforms-field-row wpforms-field-large\"><div class=\"wpforms-field-row-block wpforms-first wpforms-one-half\"><input type=\"text\" id=\"wpforms-11-field_8\" class=\"wpforms-field-name-first wpforms-field-required\" name=\"wpforms[fields][8][first]\" placeholder=\"Nombres\" required><label for=\"wpforms-11-field_8\" class=\"wpforms-field-sublabel after wpforms-sublabel-hide\">First<\/label><\/div><div class=\"wpforms-field-row-block wpforms-one-half\"><input type=\"text\" id=\"wpforms-11-field_8-last\" class=\"wpforms-field-name-last wpforms-field-required\" name=\"wpforms[fields][8][last]\" placeholder=\"Apellidos\" required><label for=\"wpforms-11-field_8-last\" class=\"wpforms-field-sublabel after wpforms-sublabel-hide\">Last<\/label><\/div><\/div><\/div><div id=\"wpforms-11-field_11-container\" class=\"wpforms-field wpforms-field-email\" data-field-id=\"11\"><label class=\"wpforms-field-label\" for=\"wpforms-11-field_11\">Email <span class=\"wpforms-required-label\">*<\/span><\/label><input type=\"email\" id=\"wpforms-11-field_11\" class=\"wpforms-field-large wpforms-field-required\" name=\"wpforms[fields][11]\" placeholder=\"Email\" required><\/div><div id=\"wpforms-11-field_10-container\" class=\"wpforms-field wpforms-field-number\" data-field-id=\"10\"><label class=\"wpforms-field-label\" for=\"wpforms-11-field_10\">Tel\u00e9fono de contacto<\/label><input type=\"number\" pattern=\"\\d*\" id=\"wpforms-11-field_10\" class=\"wpforms-field-large\" name=\"wpforms[fields][10]\" placeholder=\"Tel\u00e9fono\" ><\/div><div id=\"wpforms-11-field_2-container\" class=\"wpforms-field wpforms-field-textarea\" data-field-id=\"2\"><label class=\"wpforms-field-label wpforms-label-hide\" for=\"wpforms-11-field_2\">Mensaje <span class=\"wpforms-required-label\">*<\/span><\/label><textarea id=\"wpforms-11-field_2\" class=\"wpforms-field-medium wpforms-field-required\" name=\"wpforms[fields][2]\" placeholder=\"\u00bfComo puedo ayudarte?\" required><\/textarea><\/div><\/div><div class=\"wpforms-field wpforms-field-hp\"><label for=\"wpforms-11-field-hp\" class=\"wpforms-field-label\">Message<\/label><input type=\"text\" name=\"wpforms[hp]\" id=\"wpforms-11-field-hp\" class=\"wpforms-field-medium\"><\/div><div class=\"wpforms-recaptcha-container wpforms-is-recaptcha\"><div class=\"g-recaptcha\" data-sitekey=\"6LeAS_gqAAAAAENw1VVRYCtNLbq0517lheAtyC3i\" data-size=\"invisible\"><\/div><\/div><div class=\"wpforms-submit-container\"><input type=\"hidden\" name=\"wpforms[id]\" value=\"11\"><input type=\"hidden\" name=\"wpforms[author]\" value=\"1\"><button type=\"submit\" name=\"wpforms[submit]\" id=\"wpforms-submit-11\" class=\"wpforms-submit\" data-alt-text=\"Enviando...\" data-submit-text=\"Enviar mensaje\" aria-live=\"assertive\" value=\"wpforms-submit\">Enviar mensaje<\/button><\/div><\/form><\/div>  <!-- .wpforms-container -->            <\/div>\n\t\t<\/div>\n\t\t\t\t<\/div>\n\t\t\t\t\t<\/div>\n\t\t<\/div>\n\t\t\t\t<div class=\"elementor-column elementor-col-50 elementor-top-column elementor-element elementor-element-c572c24\" data-id=\"c572c24\" data-element_type=\"column\">\n\t\t\t<div class=\"elementor-widget-wrap elementor-element-populated\">\n\t\t\t\t\t\t\t\t<div class=\"elementor-element elementor-element-0f0aa05 elementor-widget elementor-widget-heading\" data-id=\"0f0aa05\" data-element_type=\"widget\" data-widget_type=\"heading.default\">\n\t\t\t\t<div class=\"elementor-widget-container\">\n\t\t\t<h2 class=\"elementor-heading-title elementor-size-default\">Canales de contacto<\/h2>\t\t<\/div>\n\t\t\t\t<\/div>\n\t\t\t\t<div data-trx-effects-mouse-helper=\"hover\" data-trx-effects-mouse-helper-centered=\"1\" data-trx-effects-mouse-helper-magnet=\"0\" data-trx-effects-mouse-helper-color=\"#fff\" data-trx-effects-mouse-helper-bg-color=\"#f72620\" data-trx-effects-mouse-helper-bd-color=\"#f72620\" data-trx-effects-mouse-helper-mode=\"\" data-trx-effects-mouse-helper-axis=\"xy\" data-trx-effects-mouse-helper-delay=\"10\" data-trx-effects-mouse-helper-text=\"ESCR\u00cdBEME\" data-trx-effects-mouse-helper-text-size=\"\" data-trx-effects-mouse-helper-text-round=\"1\" data-trx-effects-mouse-helper-icon=\"\" data-trx-effects-mouse-helper-icon-size=\"\" data-trx-effects-mouse-helper-icon-color=\"\" data-trx-effects-mouse-helper-image=\"\" data-trx-effects-mouse-helper-layout=\"\" data-trx-effects-mouse-helper-callback=\"\" data-trx-effects-mouse-helper-hide-cursor=\"0\" class=\"elementor-element elementor-element-3eb6175 elementor-position-left elementor-view-default elementor-mobile-position-top elementor-vertical-align-top elementor-widget elementor-widget-icon-box\" data-id=\"3eb6175\" data-element_type=\"widget\" data-widget_type=\"icon-box.default\">\n\t\t\t\t<div class=\"elementor-widget-container\">\n\t\t\t<link rel=\"stylesheet\" href=\"https:\/\/miguelenlaweb.com\/site\/wp-content\/plugins\/elementor\/assets\/css\/widget-icon-box.min.css\">\t\t<div class=\"elementor-icon-box-wrapper\">\n\t\t\t\t\t\t<div class=\"elementor-icon-box-icon\">\n\t\t\t\t<a class=\"elementor-icon elementor-animation-\" href=\"mailto:hola@miguelenlaweb.com\" target=\"_blank\">\n\t\t\t\t<i aria-hidden=\"true\" class=\"fas fa-mail-bulk\"><\/i>\t\t\t\t<\/a>\n\t\t\t<\/div>\n\t\t\t\t\t\t<div class=\"elementor-icon-box-content\">\n\t\t\t\t<h3 class=\"elementor-icon-box-title\">\n\t\t\t\t\t<a href=\"mailto:hola@miguelenlaweb.com\" target=\"_blank\" >\n\t\t\t\t\t\tEMAIL\t\t\t\t\t<\/a>\n\t\t\t\t<\/h3>\n\t\t\t\t\t\t\t\t\t<p class=\"elementor-icon-box-description\">\n\t\t\t\t\t\thola@miguelenlaweb.com\t\t\t\t\t<\/p>\n\t\t\t\t\t\t\t<\/div>\n\t\t<\/div>\n\t\t\t\t<\/div>\n\t\t\t\t<\/div>\n\t\t\t\t<div data-trx-effects-mouse-helper=\"hover\" data-trx-effects-mouse-helper-centered=\"1\" data-trx-effects-mouse-helper-magnet=\"0\" data-trx-effects-mouse-helper-color=\"#fff\" data-trx-effects-mouse-helper-bg-color=\"#f72620\" data-trx-effects-mouse-helper-bd-color=\"#f72620\" data-trx-effects-mouse-helper-mode=\"\" data-trx-effects-mouse-helper-axis=\"xy\" data-trx-effects-mouse-helper-delay=\"10\" data-trx-effects-mouse-helper-text=\"LL\u00c1MAME\" data-trx-effects-mouse-helper-text-size=\"\" data-trx-effects-mouse-helper-text-round=\"1\" data-trx-effects-mouse-helper-icon=\"\" data-trx-effects-mouse-helper-icon-size=\"\" data-trx-effects-mouse-helper-icon-color=\"\" data-trx-effects-mouse-helper-image=\"\" data-trx-effects-mouse-helper-layout=\"\" data-trx-effects-mouse-helper-callback=\"\" data-trx-effects-mouse-helper-hide-cursor=\"0\" class=\"elementor-element elementor-element-0c39180 elementor-position-left elementor-view-default elementor-mobile-position-top elementor-vertical-align-top elementor-widget elementor-widget-icon-box\" data-id=\"0c39180\" data-element_type=\"widget\" data-widget_type=\"icon-box.default\">\n\t\t\t\t<div class=\"elementor-widget-container\">\n\t\t\t\t\t<div class=\"elementor-icon-box-wrapper\">\n\t\t\t\t\t\t<div class=\"elementor-icon-box-icon\">\n\t\t\t\t<a class=\"elementor-icon elementor-animation-\" href=\"tel:+584141233584\" target=\"_blank\">\n\t\t\t\t<i aria-hidden=\"true\" class=\"fas fa-phone-alt\"><\/i>\t\t\t\t<\/a>\n\t\t\t<\/div>\n\t\t\t\t\t\t<div class=\"elementor-icon-box-content\">\n\t\t\t\t<h3 class=\"elementor-icon-box-title\">\n\t\t\t\t\t<a href=\"tel:+584141233584\" target=\"_blank\" >\n\t\t\t\t\t\tTEL\u00c9FONO\t\t\t\t\t<\/a>\n\t\t\t\t<\/h3>\n\t\t\t\t\t\t\t\t\t<p class=\"elementor-icon-box-description\">\n\t\t\t\t\t\t+58 414 123 3584\t\t\t\t\t<\/p>\n\t\t\t\t\t\t\t<\/div>\n\t\t<\/div>\n\t\t\t\t<\/div>\n\t\t\t\t<\/div>\n\t\t\t\t<div data-trx-effects-mouse-helper=\"hover\" data-trx-effects-mouse-helper-centered=\"1\" data-trx-effects-mouse-helper-magnet=\"0\" data-trx-effects-mouse-helper-color=\"#fff\" data-trx-effects-mouse-helper-bg-color=\"#f72620\" data-trx-effects-mouse-helper-bd-color=\"#f72620\" data-trx-effects-mouse-helper-mode=\"\" data-trx-effects-mouse-helper-axis=\"xy\" data-trx-effects-mouse-helper-delay=\"10\" data-trx-effects-mouse-helper-text=\"S\u00cdGUEME\" data-trx-effects-mouse-helper-text-size=\"\" data-trx-effects-mouse-helper-text-round=\"1\" data-trx-effects-mouse-helper-icon=\"\" data-trx-effects-mouse-helper-icon-size=\"\" data-trx-effects-mouse-helper-icon-color=\"\" data-trx-effects-mouse-helper-image=\"\" data-trx-effects-mouse-helper-layout=\"\" data-trx-effects-mouse-helper-callback=\"\" data-trx-effects-mouse-helper-hide-cursor=\"0\" class=\"elementor-element elementor-element-2b69d80 elementor-position-left elementor-view-default elementor-mobile-position-top elementor-vertical-align-top elementor-widget elementor-widget-icon-box\" data-id=\"2b69d80\" data-element_type=\"widget\" data-widget_type=\"icon-box.default\">\n\t\t\t\t<div class=\"elementor-widget-container\">\n\t\t\t\t\t<div class=\"elementor-icon-box-wrapper\">\n\t\t\t\t\t\t<div class=\"elementor-icon-box-icon\">\n\t\t\t\t<a class=\"elementor-icon elementor-animation-\" href=\"https:\/\/instagram.com\/MiguelEnLaWeb\" target=\"_blank\">\n\t\t\t\t<i aria-hidden=\"true\" class=\"fab fa-instagram\"><\/i>\t\t\t\t<\/a>\n\t\t\t<\/div>\n\t\t\t\t\t\t<div class=\"elementor-icon-box-content\">\n\t\t\t\t<h3 class=\"elementor-icon-box-title\">\n\t\t\t\t\t<a href=\"https:\/\/instagram.com\/MiguelEnLaWeb\" target=\"_blank\" >\n\t\t\t\t\t\tINSTAGRAM\t\t\t\t\t<\/a>\n\t\t\t\t<\/h3>\n\t\t\t\t\t\t\t\t\t<p class=\"elementor-icon-box-description\">\n\t\t\t\t\t\t@MiguelEnLaWeb\t\t\t\t\t<\/p>\n\t\t\t\t\t\t\t<\/div>\n\t\t<\/div>\n\t\t\t\t<\/div>\n\t\t\t\t<\/div>\n\t\t\t\t\t<\/div>\n\t\t<\/div>\n\t\t\t\t\t\t\t<\/div>\n\t\t<\/section>\n\t\t\t\t\t\t\t<\/div>\n\t\t","protected":false},"excerpt":{"rendered":"<p>Conversemos Escr\u00edbeme y responder\u00e9 en breve. Escr\u00edbeme Please enable JavaScript in your browser to complete this form.Nombre Completo *FirstLastEmail *Tel\u00e9fono de contactoMensaje *Name Enviar mensaje Canales de contacto EMAIL hola@miguelenlaweb.com TEL\u00c9FONO +58 414 123 3584 INSTAGRAM @MiguelEnLaWeb<\/p>\n","protected":false},"author":1,"featured_media":28055,"parent":0,"menu_order":0,"comment_status":"closed","ping_status":"closed","template":"","meta":{"site-sidebar-layout":"no-sidebar","site-content-layout":"page-builder","ast-global-header-display":"","ast-main-header-display":"","ast-hfb-above-header-display":"","ast-hfb-below-header-display":"","ast-hfb-mobile-header-display":"","site-post-title":"disabled","ast-breadcrumbs-content":"","ast-featured-img":"disabled","footer-sml-layout":"","theme-transparent-header-meta":"enabled","adv-header-id-meta":"","stick-header-meta":"","header-above-stick-meta":"","header-main-stick-meta":"","header-below-stick-meta":""},"_links":{"self":[{"href":"https:\/\/miguelenlaweb.com\/site\/wp-json\/wp\/v2\/pages\/27397"}],"collection":[{"href":"https:\/\/miguelenlaweb.com\/site\/wp-json\/wp\/v2\/pages"}],"about":[{"href":"https:\/\/miguelenlaweb.com\/site\/wp-json\/wp\/v2\/types\/page"}],"author":[{"embeddable":true,"href":"https:\/\/miguelenlaweb.com\/site\/wp-json\/wp\/v2\/users\/1"}],"replies":[{"embeddable":true,"href":"https:\/\/miguelenlaweb.com\/site\/wp-json\/wp\/v2\/comments?post=27397"}],"version-history":[{"count":0,"href":"https:\/\/miguelenlaweb.com\/site\/wp-json\/wp\/v2\/pages\/27397\/revisions"}],"wp:featuredmedia":[{"embeddable":true,"href":"https:\/\/miguelenlaweb.com\/site\/wp-json\/wp\/v2\/media\/28055"}],"wp:attachment":[{"href":"https:\/\/miguelenlaweb.com\/site\/wp-json\/wp\/v2\/media?parent=27397"}],"curies":[{"name":"wp","href":"https:\/\/api.w.org\/{rel}","templated":true}]}}